+ 13*t + 3. Let q be c(13). Let h(l) = -3 + 4*l - 4*l**2 + q*l**2 + l. Give h(5).
-3
Let z(u) = 9*u - 5. Let j(t) = 5*t - 3. Let v(r) = -7*j(r) + 4*z(r). Give v(-4).
-3
Let m be 12/7 - (-2)/7. Let p(q) = q**2 + q**2 - 3*q**3 + 7*q - 5 + m*q**3. Give p(4).
-9
Let b(s) be the second derivative of s**7/1260 + s**6/360 - s**5/30 + s**4/2 - 6*s. Let z(f) be the third derivative of b(f). Determine z(-3).
8
Let y be -2 + (-2)/(-4)*10. Let r = -7 + y. Let a = -6 - r. Let t(x) = -4*x - 3. Give t(a).
5
Suppose -f - g = -5, 3*g - 2 - 1 = 0. Let p(i) be the second derivative of i - 5/2*i**2 + 0 + 1/6*i**3. Calculate p(f).
-1
Let n(u) be the third derivative of -u**3 + 0 - 5/24*u**4 - 1/10*u**5 + 0*u - 1/120*u**6 - 4*u**2. Determine n(-5).
-6
Let s(k) = -3*k + 0 + 4*k - 2. Let x(b) = 2*b - 7. Let t be (0 + (-3)/6)*-12. Let o be x(t). What is s(o)?
3
Let d(u) be the third derivative of u**5/20 + u**4/12 - u**3/2 - 2*u**2. Let k(t) = -t**2 - t + 1. Let s(n) = 2*d(n) + 5*k(n). What is s(-3)?
11
Let w(h) = -20*h**3 + 6*h**2 + 4*h + 3 + h + 21*h**3. Calculate w(-5).
3
Suppose 2*i = 3 + 3. Let s(n) = -4*n**3 - n**2 + 2*n + 3. Let j(r) = 0 - 2*r - 3*r**3 + 4*r + 3. Let h(x) = 3*j(x) - 2*s(x). What is h(i)?
0
Let o(k) = -152*k + 4 + 75*k + 75*k. Suppose 25 = 5*u + 2*s, 0 = 5*u + 2*s - 3*s - 25. Calculate o(u).
-6
Suppose -2*g = -2*m + 17 - 1, -m = -5*g - 20. Let n(b) = 6*b**2 + 4. Suppose -15 = 3*a - 0*a. Let s(y) = -5*y**2 + y - 3. Let l(i) = a*s(i) - 4*n(i). Give l(m).
-1
Let x = 5 - 3. Suppose -3*c + 5 = -w, 20 + 0 = 4*c + x*w. Let s(h) = 1 - 2*h**c + 3*h**2 + 5*h + h**3 - 4*h. Determine s(3).
4
Let l(v) = v**3 + 4*v**3 - v**3 - 4*v - 3*v**3 + 5 - 4*v**2. Let f(m) = m**2 + 5*m - 2. Let r be f(-6). Suppose 22 = r*t + 2. What is l(t)?
10
Let r(p) = 9*p**3 + p**2 + p. Let a = -3 - -6. Let h = -4 + a. Give r(h).
-9
Let t(v) = -v**3 - 4*v**2 + 1. Let r(g) = g**2 + 3*g - 4. Let i = 5 - 8. Let j be r(i). Give t(j).
1
Let j(q) be the second derivative of 0 - 7/24*q**4 - 1/2*q**2 + 1/60*q**5 + 7/6*q**3 - 4*q. Let k(a) be the first derivative of j(a). Calculate k(5).
-3
Let s(w) = -11*w - 2. Let j be s(-1). Let v(b) = b**2 - 8*b - 2. Give v(j).
7
Suppose -9*j = -5*j + 12. Let y(f) = f**3 + 5*f**2 + 2*f - 1. What is y(j)?
11
Let k(p) = -50*p - 5. Let z(f) = 17*f + 2. Let b(a) = -3*k(a) - 8*z(a). Suppose 0 = 3*w + 2*c - 5, 0 = -3*w + 5*c - 31 + 8. What is b(w)?
-15
Let l(k) = 4 + 1 + 1 + k. Suppose 6*z - 3*z + 51 = 0. Let a = z - -11. Calculate l(a).
0
Let k(u) be the second derivative of -u**3/6 + 5*u**2 - 3*u. Determine k(7).
3
Let k(w) be the second derivative of -w**5/20 - w**3/6 - w**2 + 14*w. Determine k(0).
-2
Let h(f) = f**2 - 3*f + 2. Let o be h(3). Suppose 8 = 2*l - o. Let r = 0 + l. Let i(j) = -j + 5. Determine i(r).
0
Let i(j) = -10*j - 4. Let u(l) = 11*l - 1. Let d(x) = 1. Let t(z) = 6*d(z) + u(z). Let m(h) = 6*i(h) + 5*t(h). Suppose -s + 0 = -1. What is m(s)?
-4
Let f(v) = 2*v + 3. Let n(h) = -h**3 + 6*h**2 - 3*h - 2. Let y be n(4). Suppose 3*w - y = -3*w. Determine f(w).
9
Let f(t) = 3*t**2 - 3. Let k(z) = -z**2 + 1. Let h(l) = 2*f(l) + 5*k(l). Suppose -p + 28 = -5*o + 2*p, 4*o + p + 19 = 0. Let n = o + 6. Give h(n).
0
Let v(a) be the first derivative of -a**4/24 - a**3/6 - 2*a**2 - 1. Let d(k) be the second derivative of v(k). Determine d(-3).
2
Let n be (-80)/(-44) + 4/22. Let o be -2 + (9/(-3) - -7). Let w(r) = 5*r**2 - r - r**3 + 4 - n*r**2 + 2*r**o. Determine w(5).
-1
Let q(u) = 7*u**3 - 51*u + 5 - 4 - 3*u**3 + 49*u. Suppose 4*l = 3 + 1. Calculate q(l).
3
Let w(u) = -2*u**2 + 4*u - 6. Let m(q) = q**2 - q + 1. Let z(g) = 5*m(g) + w(g). What is z(-2)?
13
Let a(k) = k**2 + 5*k - 1. Let f be 6/(-10) + (-6)/(-10). Suppose f = -2*o + 10. Suppose 0*v - o = v. Give a(v).
-1
Let t(b) = 3*b - 2. Suppose w - 4*w - 5*u = -1, u - 2 = 0. Give t(w).
-11
Let w(q) = -q - 1. Let s(j) be the third derivative of j**4/24 - j**3 + 2*j**2. Let b be s(10). Suppose 5*u + 2*r + 7 = -8, b*u = 5*r - 12. Give w(u).
2
Let p(t) = 3*t - 5. Let a(j) = j - 2. Let n(g) = 8*a(g) - 3*p(g). Let z(x) = 2*x + 17. Let q be z(-9). What is n(q)?
0
Let p(z) = -7*z - 10. Let v(o) = 1. Let u(b) = -b - 3. Let j(y) = -u(y) - 2*v(y). Let l(g) = -6*j(g) - p(g). Calculate l(-4).
0
Suppose 4*l + 2*c - 18 = 0, 3*c = -5*l - c + 24. Let f be 0 + l + (-2)/1. Let q(o) = -1 - 2 + 7*o - f*o. Calculate q(3).
12
Suppose -2*l = -4*l + 8. Let n(b) = 2 - 3 + b + l*b**2 - 3*b**2. Give n(2).
5
Let k(u) = -u**3 - 7*u**2 - 4*u - 5. Let c(b) = -2*b**3 - 14*b**2 - 9*b - 9. Let i(s) = -3*c(s) + 5*k(s). Determine i(-5).
17
Suppose 5*q = 52 + 3. Let t = -14 + q. Let v(r) = r**2 + 3*r + 4. Give v(t).
4
Let h(x) be the first derivative of -x**3/6 - x**2/2 - 2*x - 2. Let z(w) be the first derivative of h(w). Suppose 0 = -3*a - 5 - 1. Give z(a).
1
Let x be -2*((-5)/2 - -3). Let v(a) = 5*a. Let d be v(x). Let f(n) = -n**3 - 4*n**2 + 4*n - 7. Calculate f(d).
-2
Let c(s) = -4*s**2 - 5*s + 2. Let z(l) = 2*l**2 + 5. Let q(b) = -b**2 - 3. Let u(d) = 5*q(d) + 3*z(d). Let j(n) = -c(n) - 3*u(n). Give j(-5).
-2
Let c = 45 + -43. Let b(q) = q. Give b(c).
2
Let k(n) = -n - 17. Let d(i) = i**2 - 14*i - 22. Let x be d(15). What is k(x)?
-10
Let u(g) be the second derivative of -4*g**3/3 + 3*g**2/2 - g. Let k = 100 + -98. What is u(k)?
-13
Let p(w) = w + 1. Suppose 4*t + 12 = -0*t + 4*n, -5*n + 11 = -3*t. What is p(t)?
-1
Let d(m) = -m - 5. Suppose 0 = -2*q - 10, -4*q + 3*q - 25 = 4*b. Determine d(b).
0
Let x(w) be the first derivative of w**3/3 - 7*w**2/2 + 5*w + 19. Let n(z) = -z**2 + 7*z - 1. Let g be n(6). Give x(g).
-5
Let i(u) = -u**3 + 5*u**2 - 5*u + 2. Let z(v) be the third derivative of v**6/120 + 3*v**5/20 - 5*v**4/12 + v**3/2 + 5*v**2. Let k be z(-10). What is i(k)?
5
Suppose -x + 3*x - 14 = 0. Let j(q) = 3*q - 25. Let m(i) = 8*i - 69. Let r(u) = 11*j(u) - 4*m(u). Give r(x).
8
Let t(x) be the third derivative of -x**5/60 + 5*x**4/24 + 2*x**3/3 + 16*x**2. What is t(5)?
4
Let y(l) = -l**3 - 2*l**2 + 2*l + 4. Suppose -6*a + 11*a - 25 = 0. Let i = -8 + a. Calculate y(i).
7
Let p be (-6)/(-8)*((-305)/45 - -7). Let v(y) be the third derivative of -4*y**2 + p*y**3 + 0*y + 1/24*y**4 + 0. Determine v(-4).
-3
Let t(d) = -d - 1. Let b be t(4). Let r(g) = g**3 + 4*g**2 - 4*g + 5. Let y be r(b). Let h be (2 + (-3 - 0))*y. Let i(s) = s**3 - s**2 + s + 7. What is i(h)?
7
Let j(o) = 33*o**2 + 2 - 66*o**2 + 34*o**2 - 9*o. Calculate j(4).
-18
Let l(r) be the third derivative of r**7/2520 - r**6/240 + r**5/120 - r**4/8 - r**2. Let d(x) be the second derivative of l(x). What is d(2)?
-1
Let p(i) = 12*i**2 + 8*i**2 - 6*i - 19*i**2 - 24 + 14. What is p(8)?
6
Let v(o) = -3*o - 7. Let y be (-70)/(-22) - (-2)/(-11). Suppose 3*c = y*h - 18, -2*c = -h + 5 + 6. Determine v(c).
8
Suppose -4 = 4*n, 0 = -4*r + n + 15 - 6. Let v(w) = -r*w - 7 - w + 7 - 2. What is v(-2)?
4
Let t(o) = -3*o - 1. Let q be ((-7)/(-4))/((-3)/36). Let v = q + 18. Determine t(v).
8
Suppose 0*k - 7*k = 8*k. Let u(d) be the third derivative of 1/3*d**3 - 1/120*d**6 + 4*d**2 + k - 1/15*d**5 + 0*d - 1/8*d**4. Give u(-3).
2
Let a = 17 - 20. Let z(x) = x**3 + 3*x**2 - x + 1. Calculate z(a).
4
Let s(r) = 2*r**2 - r + 1. Let y be s(1). Suppose -2*l - y = -4*l. Let c = l + -4. Let v(w) = -w**3 - 3*w**2 - w + 1. What is v(c)?
4
Let n(g) = 2*g + 8. Let l be (1 - 8/2) + 3 - 9. Give n(l).
-10
Let y(w) = -2*w**2 - 7*w + 1. Suppose 9*a + 27 = -18. Give y(a).
-14
Let m(k) = 2*k + 13. Let x(s) = -s - 7. Let y(g) = 6*m(g) + 11*x(g). Let r(n) = -n**3 + 5*n**2 - n + 4. Let i be r(5). Calculate y(i).
0
Let r(v) = -2*v - 1. Suppose 2*h = 12 - 0. Let n(o) = -o + 9. Let a be n(h). Give r(a).
-7
Let r = -6 + 11. Let y(o) = o**3 - 6*o**2 + 4*o + 6. Give y(r).
1
Suppose -2*o + 1 - 3 = 0. Let j be -8*1/(-2)*o. Let h(v) = v + 4. Give h(j).
0
Let g(m) = -m - 2. Let c(r) = 5*r + 10. Let l(u) = -2*c(u) - 11*g(u). Let o = 14 - 18. Calculate l(o).
-2
Let y = -6 + 10. Let v(x) = x**2 - 5*x + 1. Let c be v(y). Let u(m) = -4*m - 1. Give u(c).
11
Suppose -o + 2 + 0 = 0. Let j(z) = -2*z**3 - 1 + z**2 + 0*z**o - z**3. Calculate j(1).
-3
Let j(h) = 0 - 2 + 2*h + 0*h + 1. Let c be j(4). Suppose -4*b = -c*i + 4*i + 12, -4*i + 16 = 5*b. Let r(a) = a - 6. Determine r(b).
-6
Suppose -2 = 4*u + 2*j, -6*u + 16 = -2*u - 4*j. Let x(